t is the millions digit of 21556649?
1
What is the hundred thousands digit of 455931?
4
What is the hundreds digit of 11110007?
0
What is the hundreds digit of 994343?
3
What is the tens digit of 8376449?
4
What is the hundred thousands digit of 9333337?
3
What is the tens digit of 72602?
0
What is the units digit of 32358887?
7
What is the millions digit of 40678110?
0
What is the hundred thousands digit of 679579?
6
What is the ten millions digit of 26498156?
2
What is the hundred thousands digit of 7842040?
8
What is the tens digit of 620049?
4
What is the tens digit of 365882?
8
What is the tens digit of 8861265?
6
What is the millions digit of 5116731?
5
What is the tens digit of 2037412?
1
What is the ten thousands digit of 1279888?
7
What is the hundred thousands digit of 6371544?
3
What is the ten thousands digit of 19508023?
0
What is the tens digit of 3004603?
0
What is the tens digit of 9156825?
2
What is the tens digit of 107805?
0
What is the hundreds digit of 922935?
9
What is the units digit of 539736?
6
What is the hundred thousands digit of 452867?
4
What is the thousands digit of 1288265?
8
What is the tens digit of 10259656?
5
What is the hundreds digit of 52028?
0
What is the thousands digit of 716996?
6
What is the units digit of 490974?
4
What is the ten millions digit of 30250048?
3
What is the tens digit of 225291?
9
What is the tens digit of 171546?
4
What is the hundred thousands digit of 2913985?
9
What is the units digit of 3811353?
3
What is the hundred thousands digit of 187697?
1
What is the thousands digit of 414339?
4
What is the units digit of 390410?
0
What is the hundreds digit of 469973?
9
What is the hundred thousands digit of 546524?
5
What is the hundreds digit of 1219683?
6
What is the hundreds digit of 30200?
2
What is the hundreds digit of 2030473?
4
What is the hundred thousands digit of 386570?
3
What is the ten thousands digit of 242188?
4
What is the hundreds digit of 247186?
1
What is the units digit of 396202?
2
What is the tens digit of 999740?
4
What is the ten thousands digit of 124468?
2
What is the thousands digit of 881700?
1
What is the ten thousands digit of 137260?
3
What is the units digit of 1904326?
6
What is the tens digit of 257148?
4
What is the hundred thousands digit of 11671298?
6
What is the units digit of 7163826?
6
What is the hundred thousands digit of 1257861?
2
What is the units digit of 6135984?
4
What is the units digit of 188946?
6
What is the ten thousands digit of 3125281?
2
What is the units digit of 4371851?
1
What is the hundreds digit of 603313?
3
What is the tens digit of 751542?
4
What is the ten thousands digit of 34657635?
5
What is the tens digit of 826346?
4
What is the hundreds digit of 177452?
4
What is the units digit of 85861?
1
What is the units digit of 841881?
1
What is the hundred thousands digit of 1575557?
5
What is the tens digit of 1838?
3
What is the units digit of 238441?
1
What is the hundreds digit of 193404?
4
What is the units digit of 540723?
3
What is the units digit of 463951?
1
What is the millions digit of 2351995?
2
What is the hundreds digit of 4256878?
8
What is the hundred thousands digit of 554317?
5
What is the tens digit of 4178501?
0
What is the millions digit of 1962693?
1
What is the thousands digit of 76936?
6
What is the units digit of 284279?
9
What is the tens digit of 1922372?
7
What is the tens digit of 331959?
5
What is the millions digit of 6750625?
6
What is the tens digit of 1377757?
5
What is the hundred thousands digit of 637207?
6
What is the ten thousands digit of 622210?
2
What is the thousands digit of 124700?
4
What is the ten thousands digit of 5519499?
1
What is the hundreds digit of 50760?
7
What is the units digit of 198926?
6
What is the tens digit of 6394580?
8
What is the units digit of 1940520?
0
What is the units digit of 1083274?
4
What is the hundreds digit of 1204530?
5
What is the ten thousands digit of 1939853?
3
What is the hundred thousands digit of 2572976?
5
What is the hundred thousands digit of 2679751?
6
What is the thousands digit of 155456?
5
What is the units digit of 747631?
1
What is the ten thousands digit of 252384?
5
What is the tens digit of 915843?
4
What is the ten thousands digit of 1928241?
2
What is the thousands digit of 19425021?
5
What is the ten thousands digit of 45578?
4
What is the tens digit of 181619?
1
What is the hundreds digit of 805294?
2
What is the hundreds digit of 13656048?
0
What is the hundreds digit of 222148?
1
What is the thousands digit of 6701690?
1
What is the thousands digit of 290867?
0
What is the millions digit of 6140702?
6
What is the tens digit of 2450160?
6
What is the tens digit of 1795148?
4
What is the millions digit of 1972190?
1
What is the hundreds digit of 1407012?
0
What is the ten thousands digit of 492020?
9
What is the millions digit of 5264594?
5
What is the hundred thousands digit of 317876?
3
What is the tens digit of 549190?
9
What is the hundreds digit of 909542?
5
What is the hundreds digit of 147950?
9
What is the tens digit of 35953634?
3
What is the hundred thousands digit of 16377412?
3
What is the hundred thousands digit of 13597206?
5
What is the millions digit of 24838559?
4
What is the hundred thousands digit of 4320731?
3
What is the hundred thousands digit of 1543337?
5
What is the thousands digit of 1703767?
3
What is the ten thousands digit of 495852?
9
What is the tens digit of 120635?
3
What is the units digit of 2715257?
7
What is the hundred thousands digit of 1555295?
5
What is the hundreds digit of 4508705?
7
What is the units digit of 553715?
5
What is the thousands digit of 1265465?
5
What is the tens digit of 26342473?
7
What is the units digit of 95566?
6
What is the ten thousands digit of 963941?
6
What is the thousands digit of 3471280?
1
What is the tens digit of 250229?
2
What is the units digit of 2249620?
0
What is the ten thousands digit of 6672698?
7
What is the millions digit of 15654877?
5
What is the hundreds digit of 1144819?
8
What is the units digit of 26970183?
3
What is the hundreds digit of 8240266?
2
What is the hundreds digit of 271298?
2
What is the units digit of 381708?
8
What is the thousands digit of 97697?
7
What is the thousands digit of 1929769?
9
What is the units digit of 259828?
8
What is the hundred thousands digit of 346403?
3
What is the thousands digit of 2734918?
4
What is the hundreds digit of 9397247?
2
What is the units digit of 2411114?
4
What is the units digit of 349211?
1
What is the units digit of 503510?
0
What is the tens digit of 190331?
3
What is the millions digit of 1360241?
1
What is the hundreds digit of 121850?
8
What is the units digit of 6587896?
6
What is the ten thousands digit of 182498?
8
What is the ten thousands digit of 91013?
9
What is the units digit of 93534?
4
What is the hundreds digit of 368873?
8
What is the units digit of 5233023?
3
What is the units digit of 5877847?
7
What is the thousands digit of 66215?
6
What is the tens digit of 21825306?
0
What is the hundred thousands digit of 666236?
6
What is the ten thousands digit of 19051929?
5
What is the thousands digit of 5397123?
7
What is the thousands digit of 8820734?
0
What is the hundred thousands digit of 15915278?
9
What is the hundred thousands digit of 30776380?
7
What is the hundreds digit of 445066?
0
What is the ten thousands digit of 1393064?
9
What is the millions digit of 5275411?
5
What is the tens digit of 48729?
2
What is the hundreds digit of 625356?
3
What is the millions digit of 1959284?
1
What is the tens digit of 28169950?
5
What is the ten thousands digit of 704030?
0
What is the hundreds digit of 88448?
4
What is the thousands digit of 643450?
3
What is the thousands digit of 5015394?
5
What is the hundred thousands digit of 220518?
2
What is the ten thousands digit of 146810?
4
What is the hundreds digit of 346169?
1
What is the hundreds digit of 279080?
0
What is the tens digit of 2725734?
3
What is the tens digit of 192818?
1
What is the hundred thousands digit of 17963629?
9
What is the ten thousands digit of 490317?
9
What is the hundreds digit of 459371?
3
What is the units digit of 166226?
6
What is the units digit of 33350050?
0
What is the ten mi